 is the value of 9 - (-13 + 3 - -24)?
-5
Calculate -2 - ((3 - -2) + -5) - (-32 + 13).
17
What is the value of -35 - -1 - (-1060 + 1033)?
-7
What is the value of (-32 - -20) + -5 + (-1 - -13)?
-5
Evaluate -14 + 8 + -12 + 34.
16
Evaluate (12 - -7) + -14 + (-20 - -12).
-3
What is the value of -52 + 1 + 7 - (10 + -6 + -13)?
-35
What is -1 + 6 - (-14 + 45) - -15?
-11
Evaluate 1 + 12 + (-88 - -79).
4
1 + (-1 - -1) + (7 - 11)
-3
What is (-6 - (14 + 6 + -17)) + 9?
0
12 + 24 + -15 + 3 + 11 + 0
35
Calculate (-3 - 24) + 9 - (0 - 2).
-16
(-5 - (-3 + -2) - 3) + 12 - -1
10
What is the value of 10 - -1 - (-9 + -17 + 23)?
14
What is the value of -6 + (0 - 1) + -20 + (15 - -13)?
1
Calculate -5 - (7 + (-6 - 9) + 5).
-2
Evaluate (-10 + -8 - -15) + -5.
-8
Calculate -13 + 9 + 7 + (1 - 4) + 4.
4
What is -6 - -10 - 0 - ((9 - 5) + -6)?
6
(3 - 10) + (0 + -5 - (-14 + 8))
-6
Evaluate 10 - (0 - (-9 + -4)) - 2.
-5
Calculate (-37 - 0) + 38 + (-25 - 1).
-25
What is (-3 + -7 - (7 + 9)) + 7?
-19
15 - (-13 + 10 + 19)
-1
What is (-17 - 3) + 30 + -1 + 3?
12
Evaluate 18 + -16 + 3 + 30 + -26.
9
-44 - (-34 + -18 - -28)
-20
What is the value of 2 + -8 + 13 - (-21 + 25)?
3
What is the value of -119 - -123 - (45 - (3 - (-7 + 5)))?
-36
What is the value of -4 + -16 + -4 - (-3 + -18 + 13)?
-16
What is the value of -20 + (-18 - -15 - -15)?
-8
What is the value of -29 + -7 + 23 + -1 + -3?
-17
What is -36 + 9 + 17 - -8?
-2
Evaluate (-1 - -24) + (-30 - (8 - 29)).
14
Calculate -25 - -20 - (0 + -9).
4
Evaluate (-24 - -1 - -18) + 1.
-4
Evaluate 96 - 99 - (-13 - 0) - 8.
2
Evaluate 6 + 1 + (-3 - -14) + -3.
15
Calculate -8 - (-5 + (21 - (11 + -1))) - -2.
-12
Calculate 11 + 5 + -26 + 12 - 5.
-3
Evaluate 39 + -57 + 25 - 37.
-30
Evaluate 7 + -1 + (-7 + 14 - 16) - 2.
-5
What is -7 - (0 + 4 + 1)?
-12
Calculate 2 + 2 + (-33 - -24).
-5
Calculate (28 - (20 - -15)) + 39.
32
What is 0 + (-3 - -36) + -55?
-22
(-3 - (-2 + (8 - 6))) + (9 - 0)
6
-27 + (-3 - (-16 - 2))
-12
9 - -1 - (-73 - -68)
15
What is the value of (-85 - (-177 + 85)) + (-20 - 1)?
-14
0 + 1 + -10 + 255 + -257
-11
Evaluate -5 - (-5 - -4) - (50 - 73).
19
Calculate 11 + -11 + (19 + -1 - (-44 - -47)).
15
Calculate 4 - ((-2 + (6 - 2) - -2) + 1).
-1
What is the value of 5 + -2 + 6 + -12 + -1 + -7?
-11
(20 - 43) + 23 - (-4 - 3)
7
Evaluate (21 - 48 - -40) + (1 + -1 - -1).
14
Evaluate 17 + (2 - -3 - 6).
16
Evaluate (-8 - -2) + -22 + 22 - -9.
3
Evaluate (12 - 7) + 7 - (2 + -1).
11
Evaluate 14 + 15 + -10 + -14.
5
What is (4 + (-2 - -1) - 3) + 17 + -16?
1
Evaluate 2 + -4 + -2 + (6 - 9) + 3.
-4
(-39 - -34 - (-9 - -2)) + 4
6
What is the value of 0 + 6 + -3 - (-4 + 0)?
7
Evaluate -6 - (-11 - -15 - 1).
-9
-12 - (-5 + -5) - (1 + 6)
-9
What is -13 - -38 - 14 - 11?
0
What is the value of (5 + -2 - -1) + -14?
-10
Evaluate (12 - 3 - 7 - -11) + -7.
6
Evaluate -8 + 5 + (1 - -4) + (-11 - 1).
-10
What is the value of (-975 - -1008) + (-1 - 28)?
4
Evaluate (30 - 35) + 42 - 41.
-4
What is the value of -8 - (5 + 13 + -26)?
0
Calculate -2 + 6 + -4 - (-16 - -16).
0
Calculate -5 - (-7 + 4 + -12) - 9.
1
Evaluate 5 + 1 + -5 - -1 - 7.
-5
Calculate 4 + -6 + (2 - -3) - (-39 - -52).
-10
(-2 - -3) + -4 + 4 + 2 + 1
4
What is 5 - (109 + -111 - (-19 + (-2 - -1)))?
-13
What is (-3 + 3 - (-4 - 0)) + -10?
-6
What is the value of -1 - (6 + 9 + -7)?
-9
Evaluate (-80 - -84) + (-2 - 11).
-9
Evaluate 10 + (-5 + 17 - 14).
8
(6 - -1 - 1) + (3 - 0) + -31
-22
152 + -154 + -12 + 1 + 0
-13
17 + -3 + 1 - (-2 + 10)
7
What is 11 - (20 - (-4 - -4))?
-9
Calculate 44 + (-39 - (-29 - -12)).
22
-5 - (-5 - 11) - (0 + 38)
-27
What is the value of -11 - 1 - ((15 - 21) + 19 + -10)?
-15
What is the value of 29 + (36 - 77) + -18?
-30
12 - (39 + 1) - 1
-29
7 - ((6 - 12) + 0) - 5
8
Evaluate 30 - (31 + -26 - -28).
-3
3 - (6 - -1) - (1 + 1)
-6
(0 - 5 - -1) + (101 + -80 - 40)
-23
Evaluate -8 + 1 + 8 + -7 + -20 - -9.
-17
Calculate -19 + 3 - (-4 - (9 - 12)).
-15
Calculate 1 + -1 + (8 - ((-14 - -14) + -11)).
19
Calculate 16 + (-12 - (-20 - -12)).
12
What is the value of 26 + (42 + -34 - 53)?
-19
Calculate 33 + -3 + (2 - 13).
19
What is the value of (15 - (64 + -19)) + 23?
-7
Calculate (102 - 88) + 0 + -2 + -8 - 5.
-1
What is 0 + -6 + (45 - (-31 - -93))?
-23
What is the value of -24 + 19 + 7 + 0?
2
Evaluate 4 - ((10 - (-8 - -14)) + -14).
14
Evaluate (7 - (-9 + 2)) + -3 + -1.
10
What is -4 - (7 + -2 - (-16 + (2 - -11)))?
-12
Calculate -8 + -28 + 54 - (-7 - 4).
29
Evaluate 152 + -160 - (0 + -3).
-5
11 - (2 + -14 + (-11 - -39))
-5
Calculate (1 - -1) + 8 - (-805 + 799).
16
Calculate (138 - 121) + (-8 - 1) - 1.
7
-35 + -6 + 7 - (-12 - (-5 - 1))
-28
What is 5 + 8 + -13 + 14 + -10?
4
Evaluate -6 + (-2 + (3 - -12) - 14).
-7
What is 7 - 5 - -11 - -6?
19
What is the value of -1 + (20 - 19) + -3 + -2?
-5
What is the value of 7 + (14 - (-9 - (-19 - 5) - 7))?
13
(-15 - (-45 - -6)) + -15 - 0
9
Evaluate 0 + -2 - (-13 + 6 - -11 - 1).
-5
What is ((-9 - -19) + -5 - -2) + 7?
14
(12 - -2) + -1 - (-8 + (24 - 13))
10
Calculate 0 + -21 - (7 + 2 + -17).
-13
Calculate (1 - -1 - (18 + 0)) + (578 - 573).
-11
Evaluate 16 + -10 - (6 + -3 + -1).
4
What is the value of 15 - (-13 + (15 - (9 - 14)))?
8
Calculate -2 + -17 + 4 + 6 + 28 + -33.
-14
Evaluate 14 - 5 - 2 - ((-3 - -14) + -1).
-3
What is -2 - -6 - (-7 + 11) - -7 - 1?
6
What is -139 + 170 - (20 - -1)?
10
What is the value of 0 + -33 + 14 - -23?
4
Evaluate (-10 + 26 - 11) + -9 + -9.
-13
What is the value of -15 - (-30 + 4 - 6)?
17
What is the value of (1 - (-2 - -2)) + (-13 - (-13 - 1))?
2
What is 32 - (-1 - -38 - 16)?
11
What is the value of (29 - 58) + -14 - -21?
-22
(-9 - (-11 - 3) - 4) + 5
6
What is the value of -1 + -7 + (-6 - (-15 + 3 + 7))?
-9
Evaluate -26 + -47 + 44 - -27.
-2
What is the value of (0 + 0 - 19) + 75 + -72 + -2?
-18
What is the value of 14 + (-20 - (13 + -21) - 8)?
-6
What is 12 - ((38 - 8) + -8)?
-10
(-5 - -9) + -18 + 5
-9
Calculate 15 + (-29 - -10 - -11).
7
What is (1 - 17) + (445 - 433)?
-4
25 + -13 + -33 - (-10 + 3 + 2)
-16
Evaluate 164 + -174 + (-2 - -14) + (0 - -1).
3
4 - (-1 - (0 + 2) - -1)
6
Evaluate (-13 - -4 - -47) + -10 + 0 + -4.
24
What is (12 - -7) + -31 - -5?
-7
What is the value of (2 + 14 - 14) + -8?
-6
What is 1 + (-1 - (-3 + -4))?
7
What is 9 - 3 - (16 - (-2 + 10) - 13)?
11
12 - (-8 + 21 - 6)
5
What is 22 + (-3 - 2) + -13 - (5 + -2)?
1
What is the value of 1 - (-2 - -13) - (2 - 5)?
-7
What is the value of (2 + -12 - (84 - 103)) + 5?
14
3 + -3 - (77 + -72)
-5
Evaluate 25 + (1 - 13) - 32.
-19
-18 - ((-3 - 9) + -4 + -25)
23
(4 - 7) + (0 - -2) + 8 + -1
6
What is the value of -3 + 51 - (130 - 59)?
-23
What is the value of 0 + 1 + (-17 - -11) + 7 + 1?
3
-37 - -38 - (-4 - -5)
0
Evaluate -4 + (0 - -2) + 12 - (196 + -157).
-29
Evaluate -85 - -85 - (-6 + -3 - 2).
11
Calculate 23 - 11 - (18 + -15).
9
Calculate -9 - -3 - (-9 + (-3 - (2 - 3))).
5
What is the value of -1 + -12 + (4 - (-7 + 3))?
-5
-26 + 30 + 9 + -1 + -8
4
Evaluate 27 + (18 - (-2 - -40)).
7
Calculate -4 - (9 + 2 + -2 - (3 + -12)).
-22
What is the value of -4 + 6 + -6 - 0 - 10?
-14
What is -40 - (-14 + -14 - -1)?
-13
14 + 0 + 1 + (24 - 27) + -4
8
What is -16 + (-7 - -11) + 6?
-6
(-5 - (14 - 21 - (-5 + -2))) + -2
-7
-14 - 9 - (29 - 45)
-7
(56 - 72) + 1 + 39
24
Calculate -28 + (85 - (35 - 13)).
35
Evaluate 5 + (13 + -21 - -3).
0
What is the value of 9 - 77 - -52 - (2 - 18)?
0
What is 10 - 14 - 1 - 6?
-11
What is (11 - (5 + -2) - (1 + 3)) + 4?
8
-6 + (3 - 6) + -9
-18
Evaluate (-207 - -202) + -8 + 46.
33
What is the value of (-7 - (8 - 9)) + (-1 - -13)?
6
What is the value of (10 - 34) + 14 + -2?
-12
-6 + (-24 - -8 - 0) + (-3 - -3)
-22
What is 3 - (17 - 16 - -9)?
-7
(3 - 2) + -5 + -4 + 4 + -6
-10
14 + -14 + -16 + 22
6
Evaluate 2 + 12 - ((-1 - 5) + 54 + -55).
21
1 + (3 + 16 - 32) + (-2 - -10)
-4
Calculate (4 + 13 - 12) + 3 + -10.
-2
Evaluate -3 + (-2 - -13) - (-5 - (-10 + 14)).
17
1 - (-10 + 4 + 8)
-1
What is the value of -20 + 3 + 48 + -20?
11
Evaluate -29 - (1 + -16 + (-13 - -20)).
-21
Evaluate 15 + 23 + -48 - (-28 + 1).
17
(7 - -2 - 15) + 4 - (-4 + -1)
3
Calculate 6 + (-8 - (-14 + 10 + 0)).
2
What is 13 + -7 + -14 - -2?
-6
What is 12 - (13 + 12 + -27)?
14
Calculate 9 + -48 + 15 + 18 - (-11 - 1).
6
What is -7 + (8 - (18 + -5)) - (-6 + 13)?
-19
What is 1 - 10 - (-34 - -36)?
-11
What is 22 + 7 + -16 - 28?